 + 9 = -y, 0 = 2*y + 3*s - 74. Suppose 0 = 2*j - 34 - 214. Calculate the remainder when j is divided by y.
38
Suppose 0*o - 3*z - 9 = -5*o, 4*o - 4*z - 4 = 0. Suppose -o*f = 3*u - f - 47, f + 2 = 0. Calculate the remainder when 99 is divided by u.
14
Suppose 0 = -2*c + 2*j + 150, c - 2*j - 3*j = 87. Suppose -2*m = -6*m - c. Let z = -9 - m. Calculate the remainder when z is divided by 3.
0
Suppose -2*r = -4 - 12. Suppose -2*m = 4*b - 3*m - 17, 0 = -2*m + 6. Suppose -5 - b = -2*y. Calculate the remainder when r is divided by y.
3
Let k = -28 - -42. Let g(i) = 35*i + 4. Calculate the remainder when g(1) is divided by k.
11
Suppose 0 = -3*a + 5*a + 296. Let b = -17 - -30. What is the remainder when (((-27)/6)/(-9))/((-2)/a) is divided by b?
11
What is the remainder when (-46)/4*1*(10 + -14) is divided by 13?
7
Suppose -5*q + 55 - 35 = 0. Suppose 0 = q*m + 4*n - n - 185, 0 = 4*m + 5*n - 191. What is the remainder when m is divided by 12?
8
Let t be (-6)/14 + (-17)/(-7) - -96. Let f = t - 2. What is the remainder when f is divided by 26?
18
Let s = -173 + 281. What is the remainder when s is divided by 11?
9
Let v(u) = 0 + 6*u**2 + 1 + u**3 - 2*u**2 - 8 - 6*u. What is the remainder when (-4264)/(-72) + (-4)/18 is divided by v(-3)?
19
What is the remainder when (-22 - (10 + -11))/((-6)/28) is divided by 26?
20
Let r(i) = i**3 - 5*i**2 - 15*i + 24. Calculate the remainder when 181 is divided by r(7).
11
Let m be ((-2)/(-4))/((-2)/(-84)). Let n = m - 4. Suppose n = i - 6. What is the remainder when i is divided by 12?
11
Let a(j) = 4*j**2 + 3*j + 9 + 10*j - 4*j**2 + j**2. Calculate the remainder when a(-13) is divided by 5.
4
Suppose 0 = -2*c - 1 - 9. Let m be 26/(-4)*50/c. Suppose m = 4*s + 13. What is the remainder when 24 is divided by s?
11
Let d = -37 + 17. Let y be (0 + -4)/(d/10). Calculate the remainder when 69 is divided by (-3)/(5 - y) - -19.
15
Suppose 67*a - 5700 = 7*a. Calculate the remainder when a is divided by 12.
11
Let s(c) = 3*c**2 + 5*c - 64. Calculate the remainder when 134 is divided by s(-7).
38
Suppose 2*i + 206 = 5*t - 459, 0 = t + 4*i - 133. What is the remainder when 928 is divided by t?
130
Suppose -3*h - 4360 = -4*u - h, 3*u - 3277 = -2*h. Calculate the remainder when u is divided by 84.
83
Let q = 33 - 9. What is the remainder when 28 is divided by (-8)/q - 25/(-3)?
4
Suppose -2763 = 174*f - 183*f. Calculate the remainder when f is divided by 78.
73
Let p(j) = -j**3 - 11*j**2 - j - 12. Let o be p(-11). Let t be (-3)/((-1)/3*o). Let d = t - -10. Calculate the remainder when 2 is divided by d.
0
Let c = -523 - -528. Suppose -4*p = -5*b + 36, -3*b + 25 = -0*b + p. Calculate the remainder when b is divided by c.
3
Let a be (12/(-18))/((-4)/(-834)). Let y = a + 209. What is the remainder when y is divided by 8?
6
What is the remainder when (-17120)/(-30) + (-2)/(-6) is divided by 41?
38
Let t be 1089/(-44) - (-3)/4. Calculate the remainder when (-7 - -5)/((-2)/8) is divided by t/30*(-45)/6.
2
Suppose -10*z + 610 = 330. Calculate the remainder when 54 is divided by z.
26
Let a = -446 + 538. What is the remainder when a is divided by 36?
20
Let x = 12 + -7. Suppose -4*g - c + 112 = c, 2*c = x*g - 149. Suppose 425 = 5*v - 3*l, 0*l + 340 = 4*v - l. Calculate the remainder when v is divided by g.
27
Suppose 0 = -2*t - t - 57. Let w = t - -17. Calculate the remainder when 7 is divided by (-4)/w*(10 + -8).
3
Let q(p) = p + 19. Let u be q(18). Let o = u - 29. Suppose 7*g = -4*z + 4*g + 36, 0 = 4*z + 5*g - 28. Calculate the remainder when z is divided by o.
4
What is the remainder when 113 is divided by (2 + 10/(-4))*(-1160)/20?
26
Let u(t) = -3*t**2 - 45*t + 18. Suppose -4*k - 77 = -2*c - 371, 5*c + 25 = 0. What is the remainder when k is divided by u(-15)?
17
Suppose 0 = -a - 3*a + 652. What is the remainder when a is divided by 33?
31
Calculate the remainder when 45 is divided by 4 + (-9 - 1)*(1 + -2).
3
Suppose 3*b = -d + 155, -3*b + 98 + 56 = 2*d. What is the remainder when 253 is divided by b?
45
What is the remainder when 1476/15 + 63/(-45) is divided by 20?
17
Suppose -38 = -4*u + 3*z, -3*u + 21 = 4*z + 5. What is the remainder when 167 is divided by u?
7
Let p(f) = f**3 - 15*f**2 + 104*f - 34. What is the remainder when p(11) is divided by 103?
8
Let l(n) = -n**3 - 29*n**2 - 56*n - 47. What is the remainder when 60 is divided by l(-27)?
4
Calculate the remainder when 134 is divided by (-4)/(-22) - (-11322)/407.
22
Suppose 472 = 5*u - 328. Let f = -125 + u. What is the remainder when f is divided by (36/14)/((-1)/(-7))?
17
Let h = -64 - -44. What is the remainder when 12 is divided by (-1 - 3/(-4))*h?
2
Suppose -100*u + 3*n + 43 = -95*u, -5*n + 11 = 2*u. Calculate the remainder when 67 is divided by u.
3
Suppose -85*c = -90*c + 4*a + 44, -38 = -5*c - 2*a. Suppose 2*f - 7 = 19. What is the remainder when f is divided by c?
5
Suppose -n + 3*i - 5 = 0, 5*n - i = i + 14. Let j = 22 - n. What is the remainder when 70 is divided by j?
16
Suppose 24*c = 19*c + 165. Calculate the remainder when 99 is divided by c.
0
Let u(o) = 95*o - 202. Calculate the remainder when u(9) is divided by 94.
89
Suppose -6*b = -8*b - 2. Suppose -4*t - 3 - 1 = 0. What is the remainder when 0 + (t + 14 - b) is divided by 8?
6
Let r(n) = -2*n**3 + 56*n**2 - 54*n + 2. What is the remainder when 24 is divided by r(27)?
0
Let w = -609 + 646. What is the remainder when w is divided by 9?
1
Let f(z) = -8*z - 15. Calculate the remainder when f(-3) is divided by 8.
1
Calculate the remainder when 20*(-6)/(-21)*(-637)/(-35) is divided by 23.
12
Suppose 10*t = -3*y + 12*t + 5, 3*t + 8 = 5*y. Let m = -1 - -3. Calculate the remainder when m is divided by y.
0
Suppose 3*v + 4*q = 111, -v = 4*q - 2*q - 37. Let w = 53 - v. What is the remainder when 45 is divided by w?
13
Let b(c) = -1. Let h(p) = -23*p. Let w(x) = 3*b(x) + h(x). What is the remainder when w(-2) is divided by 16?
11
Let j = 20 - -38. What is the remainder when j is divided by 40/(-35) + 1920/112?
10
Let g(z) = -12*z - 21. Let c(s) = 35*s + 64. Let f(q) = -6*c(q) - 17*g(q). What is the remainder when 75 is divided by f(-9)?
21
Let g = 641 - 612. What is the remainder when 722 is divided by g?
26
Suppose -3*x + 1903 = -2*l - 3*l, 4*x + 399 = -l. Calculate the remainder when (-2)/(-8) + l/(-4) is divided by -7 - 570/(-171)*96/10.
21
Let n be (-18)/(-8) - 2/8. Suppose 5*t = n*t - m + 41, m - 5 = 0. Suppose i + 31 = 3*x, x - 1 = -i + t. Calculate the remainder when x is divided by 4.
3
Let u = -54 + 76. What is the remainder when u is divided by 5 - (1 + -5) - -3?
10
Suppose -5*p + 3*r = -12 - 3, -5*r = -p + 25. Suppose -5*j + 151 + 29 = p. What is the remainder when j is divided by 10?
6
Let x = -93 + 176. Suppose 4*g + 0*p - 2*p = 58, 0 = -3*g + 3*p + 36. Calculate the remainder when x is divided by g.
15
Suppose p = 2*w - 18, -2*w - 3 = -4*p - 15. Let t = -344 + 383. What is the remainder when t is divided by w?
9
Let s(r) = 2*r**3 + 4*r**2 - 13*r + 15. Calculate the remainder when 78 is divided by s(2).
15
Let k = -50 - -81. Let h = 90 - k. Calculate the remainder when h is divided by 16.
11
Let v = -286 - -317. Calculate the remainder when 66 is divided by v.
4
Suppose 0 = -54*p - 12*p + 50358. What is the remainder when p is divided by 21?
7
Suppose -28*v = 19*v - 1316. What is the remainder when v is divided by 17?
11
Calculate the remainder when 170 is divided by 3 - -12*(92/12 - 5).
30
Suppose -55 = -3*a - 0*a + 5*t, -5*t = -5*a + 85. Suppose 5*m - 3*h + h = a, m + h - 3 = 0. Calculate the remainder when m is divided by 1.
0
Suppose 3*x + 25*x - 8456 = 0. Calculate the remainder when x is divided by 61.
58
Let v(q) = -4*q**3 - 8*q**2 - 10. Let g(b) = b**3 + b**2. Let c(i) = 6*g(i) + v(i). What is the remainder when 154 is divided by c(3)?
24
Let k(u) = 2*u**2 + 35*u - 260. What is the remainder when k(8) is divided by 19?
15
Suppose 0 = 8*y - 10*y - 8, 9*p - 3*y = 642. Suppose -5*m + 36 = -3*m. Calculate the remainder when p is divided by m.
16
Let n(h) = 6*h**2 + 4*h - 3. Let t(c) = -11*c**2 - 7*c + 6. Let m(k) = -7*n(k) - 4*t(k). Calculate the remainder when m(-7) is divided by 21.
11
Suppose -b = -4 - 0. Let o = 1 + b. What is the remainder when o is divided by 35 - 26 - (-10 + 15)?
1
Suppose -1